17626959 a prime number?
False
Is 32431031 composite?
False
Is 17115683 prime?
False
Is 16769289 composite?
True
Is 5858111 a composite number?
True
Is 883517 a prime number?
True
Is 2689423 a composite number?
True
Is 4826587 a composite number?
False
Is 50404885 composite?
True
Is 434657 a prime number?
False
Is 79216699 a composite number?
True
Is 206334214 composite?
True
Is 200412967 a prime number?
False
Is 2998549 composite?
False
Is 17768861 a composite number?
True
Is 10429351 a composite number?
False
Is 172409203 a prime number?
True
Is 129873923 composite?
False
Is 1175597 a composite number?
True
Is 1391701 a prime number?
True
Is 69113357 a prime number?
True
Is 121495877 a prime number?
False
Is 54689 prime?
False
Is 4754459 prime?
True
Is 40671893 a composite number?
True
Is 27416329 a composite number?
False
Is 55857649 prime?
True
Is 200824739 prime?
False
Is 741397 prime?
False
Is 889951 a composite number?
False
Is 2159327 composite?
False
Is 6957851 a prime number?
True
Is 30152327 prime?
True
Is 28333523 a prime number?
True
Is 424639 composite?
False
Is 869292733 composite?
True
Is 13477939 prime?
True
Is 17007703 a composite number?
False
Is 119274263 a prime number?
True
Is 62220913 a prime number?
True
Is 2419007 composite?
False
Is 73778659 a composite number?
True
Is 1992997 a prime number?
False
Is 131424947 a prime number?
True
Is 925817 prime?
False
Is 66101419 prime?
False
Is 763409 composite?
False
Is 4171385 a prime number?
False
Is 37932311 prime?
True
Is 1682687 a composite number?
True
Is 9455387 a prime number?
False
Is 181251331 a prime number?
False
Is 4279151 prime?
False
Is 2265433 a composite number?
False
Is 8754635 a prime number?
False
Is 65632151 composite?
True
Is 2828015 a prime number?
False
Is 14505367 a prime number?
True
Is 61847521 a composite number?
False
Is 53777407 a composite number?
False
Is 19714411 prime?
True
Is 105915067 a prime number?
True
Is 180215839 prime?
True
Is 55747 prime?
False
Is 8267699 composite?
True
Is 537377339 prime?
True
Is 32765431 a composite number?
False
Is 549571931 composite?
True
Is 91397591 a composite number?
False
Is 609209 composite?
False
Is 154849757 a composite number?
True
Is 1549459 a prime number?
True
Is 1325047 prime?
True
Is 10835207 a composite number?
False
Is 603241 prime?
False
Is 808264997 composite?
True
Is 51516781 a prime number?
True
Is 4044109 a prime number?
False
Is 450012349 prime?
True
Is 3537347 a prime number?
False
Is 1573853 a prime number?
False
Is 2234107 a prime number?
True
Is 51838157 composite?
True
Is 99515893 composite?
False
Is 173854403 composite?
False
Is 1453349 a prime number?
False
Is 13881463 a prime number?
True
Is 60949241 a composite number?
True
Is 241018159 prime?
False
Is 40343519 prime?
True
Is 757102 composite?
True
Is 201098753 composite?
True
Is 139774109 composite?
False
Is 9939873 prime?
False
Is 462109 composite?
False
Is 11825557 a prime number?
False
Is 198964591 composite?
True
Is 886081 a prime number?
False
Is 10029566 prime?
False
Is 502919 prime?
True
Is 1054602667 a prime number?
False
Is 4878215 composite?
True
Is 638987 a composite number?
True
Is 8271443 composite?
False
Is 5243338 prime?
False
Is 229316177 a composite number?
False
Is 8847022 composite?
True
Is 6017231 prime?
False
Is 13276537 prime?
True
Is 17519 a composite number?
False
Is 42593503 prime?
False
Is 85918457 composite?
False
Is 81721 a composite number?
True
Is 19470161 a composite number?
False
Is 5059037 a prime number?
False
Is 1679317 a prime number?
False
Is 281747 composite?
False
Is 21729611 a prime number?
True
Is 22943077 composite?
False
Is 5612281 composite?
False
Is 22451735 composite?
True
Is 2061343 a prime number?
False
Is 23046017 a composite number?
False
Is 15268713 a prime number?
False
Is 673709 a composite number?
True
Is 92461723 prime?
False
Is 26345069 prime?
False
Is 29600293 a prime number?
True
Is 521749 prime?
True
Is 2330387 a composite number?
False
Is 197944151 prime?
True
Is 823877 prime?
True
Is 141902851 a prime number?
False
Is 14432503 a composite number?
False
Is 1147351 prime?
True
Is 648667 composite?
True
Is 6161579 composite?
False
Is 700403527 a composite number?
False
Is 256811 a composite number?
True
Is 590099 a prime number?
True
Is 2972573 a prime number?
True
Is 15761767 composite?
True
Is 223691059 a composite number?
True
Is 34174222 prime?
False
Is 157000733 a prime number?
True
Is 3377921 prime?
False
Is 200437 a prime number?
True
Is 1664501 prime?
True
Is 459671 prime?
True
Is 96122903 a prime number?
True
Is 7168207 prime?
False
Is 41907317 composite?
False
Is 3966349 composite?
False
Is 48342209 composite?
False
Is 2837041 prime?
False
Is 11073241 prime?
True
Is 59832241 a prime number?
False
Is 62089243 a composite number?
True
Is 369870043 composite?
False
Is 2738227 prime?
True
Is 3557473 a prime number?
True
Is 21051619 a composite number?
True
Is 6882827 a composite number?
True
Is 116751461 prime?
False
Is 442808339 a prime number?
False
Is 5377595 prime?
False
Is 92519057 prime?
True
Is 583080241 prime?
False
Is 7879099 prime?
True
Is 2335826 prime?
False
Is 8342483 composite?
False
Is 511349011 composite?
False
Is 2941735 a composite number?
True
Is 21081 composite?
True
Is 13226039 a composite number?
False
Is 3063187 composite?
False
Is 46466737 composite?
True
Is 446605097 composite?
False
Is 1110847 prime?
False
Is 3736697 a prime number?
False
Is 175967921 prime?
True
Is 3485441 a prime number?
True
Is 26098078 a composite number?
True
Is 920390347 a composite number?
False
Is 20604049 composite?
True
Is 282053 a prime number?
True
Is 31745347 a prime number?
True
Is 390744379 composite?
True
Is 6586889 composite?
False
Is 60535714 prime?
False
Is 62229001 a prime number?
False
Is 10920191 a prime number?
True
Is 9629927 prime?
True
Is 4470527 a composite number?
True
Is 4813819 composite?
True
Is 21092957 a prime number?
True
Is 34693255 a composite number?
True
Is 547511 composite?
True
Is 764947 a composite number?
False
Is 574081 prime?
True
Is 24971171 a prime number?
True
Is 8187983 a prime number?
True
Is 4873157 a prime number?
True
Is 6332849 composite?
False
Is 10394101 prime?
True
Is 23543791 prime?
True
Is 1781789 prime?
False
Is 9722549 a prime number?
True
Is 79405 a composite number?
True
Is 22321711 a prime number?
True
Is 51300601 prime?
False
Is 264294467 composite?
False
Is 13291043 a prime number?
False
Is 5677135 a composite number?
True
Is 154703173 prime?
True
Is 42388457 a composite number?
False
Is 18418251 prime?
False
Is 4844461 prime?
False
Is 3842057 prime?
False
Is 20950549 prime?
False
Is 3569953 a prime number?
True
Is 72123217 composite?
True
Is 34084923 a prime number?
False
Is 72226079 composite?
False
Is 143011867 a prime number?
True
Is 2221693 prime?
False
Is 108643921 composite?
False
Is 1757447 a composite number?
False
Is 4084739 a composite number?
False
Is 8907599 prime?
False
Is 19604719 composite?
True
Is 12117121 prime?
True
Is 2767579 prime?
True
Is 222639679 composite?
True
Is 5809643 prime?
False
Is 44809 composite?
False
Is 13563101 prime?
False
Is 28335179 prime?
False
Is 14853353 prime?
True
Is 62525483 prime?
False
Is 7467503 prime?
True
Is 3446459 a composite number?
False
Is 23199843 prime?
False
Is 1566437 a prime number?
False
Is 86185271 a prime number?
False
Is 28118729 composite?
False
Is 3614749 a prime number?
False
Is 2079559 prime?
False
Is 404762587 prime?
True
Is 4187831 prime?
False
Is 4669865 composite?
True
Is 44988451 prime?
False
Is 15356143 a prime number?
False
Is 174718241 composite?
False
Is 47065849 composite?
False
Is 84472931 composite?
False
Is 439233167 a composite number?
False
Is 81002666 composite?
True
Is 9679577 a prime number?
True
Is 4134971 prime?
True
Is 31763 prime?
False
Is 5429029 composite?
True
Is 3066377 a prime number?
True
Is 727511 composite?
True
Is 28039523 composite?
False
Is 1550891 prime?
False
Is 44217319 a composite number?
False
Is 342935683 composite?
False
Is 24675479 prime?
False
Is 8459601 a prime number?
False
Is 4585381 composite?
True
Is 14316469 composite?
False
Is 7656587 a composite number?
True
Is 9313651 a composite number?
False
